{"id":1117,"date":"2024-09-09T10:47:40","date_gmt":"2024-09-09T07:47:40","guid":{"rendered":"https:\/\/huimabasketball.fi\/juniorit\/?page_id=1117"},"modified":"2024-09-09T10:47:41","modified_gmt":"2024-09-09T07:47:41","slug":"huiman-laskutusosoite","status":"publish","type":"page","link":"https:\/\/huimabasketball.fi\/juniorit\/huiman-laskutusosoite\/","title":{"rendered":"Huiman laskutusosoite"},"content":{"rendered":"\r\n<div id=\"kappale-block_d68c3ffe49afab0596b6d9b752a88c45\" class=\"container mx-auto px-4 sm:px-6 kappale-class flex flex-wrap\">\r\n\t<div class=\"sisaltotxt font-oswald font-light text-[16px] \">\r\n\t\t<p>Pyyd\u00e4mme l\u00e4hett\u00e4m\u00e4\u00e4n ensisijaisesti verkkolaskuja \u2013 ne tulevat perille nopeiten ja luotettavimmin<\/p>\n<ol>\n<li>voit l\u00e4hett\u00e4\u00e4 meille verkkolaskun<\/li>\n<li>voit l\u00e4hett\u00e4\u00e4 meille pdf-laskun<\/li>\n<li>voit l\u00e4hett\u00e4\u00e4 meille paperisen laskun<\/li>\n<\/ol>\n<p>Laskussa tulee n\u00e4ky\u00e4 jaosto\/joukkue ja yhteyshenkil\u00f6<\/p>\n<p>Verkkolaskutusosoite:<br \/>\n003702197281 (OVT)<\/p>\n<p>Operaattori: Maventa<br \/>\nV\u00e4litt\u00e4j\u00e4tunnus: DABAFIHH (kun v\u00e4litt\u00e4j\u00e4n\u00e4: suomalainen pankki)<br \/>\nV\u00e4litt\u00e4j\u00e4tunnus: MAVENTA tai 003721291126 (kun v\u00e4litt\u00e4j\u00e4n\u00e4: operaattori)<\/p>\n<p>Tarkista verkkolaskuosoite:<br \/>\nwww.verkkolaskuosoite.fi\u2060\u2060\u2060\u2060\u2060\u2060\u2060<\/p>\n<p>Mik\u00e4li ette pysty toimittamaan viel\u00e4 verkkolaskuja, pyyd\u00e4mme toimittamaan pdf-laskut s\u00e4hk\u00f6postilla:<br \/>\n02197281@scan.netvisor.fi<\/p>\n<p>Mik\u00e4li ette pysty toimittamaan viel\u00e4 verkkolaskuja, pyyd\u00e4mme toimittamaan paperiset laskut:<br \/>\n\u00c4\u00e4nekosken Huima ry<br \/>\n02197281<br \/>\nPL 100<br \/>\n80020 Kollektor Scan<\/p>\n<p>Jokaisessa laskussa ja kirjekuoressa tulee n\u00e4ky\u00e4 edell\u00e4 mainittu osoite.<\/p>\n\t<\/div><\/div>","protected":false},"excerpt":{"rendered":"","protected":false},"author":5,"featured_media":0,"parent":0,"menu_order":0,"comment_status":"closed","ping_status":"closed","template":"","meta":{"_acf_changed":false,"_relevanssi_hide_post":"","_relevanssi_hide_content":"","_relevanssi_pin_for_all":"","_relevanssi_pin_keywords":"","_relevanssi_unpin_keywords":"","_relevanssi_related_keywords":"","_relevanssi_related_include_ids":"","_relevanssi_related_exclude_ids":"","_relevanssi_related_no_append":"","_relevanssi_related_not_related":"","_relevanssi_related_posts":"","_relevanssi_noindex_reason":"","footnotes":""},"class_list":["post-1117","page","type-page","status-publish","hentry"],"acf":[],"yoast_head":"<title>Huiman laskutusosoite - Huima Basketball Juniorit<\/title>\n<meta name=\"robots\" content=\"index, follow, max-snippet:-1, max-image-preview:large, max-video-preview:-1\" \/>\n<link rel=\"canonical\" href=\"https:\/\/huimabasketball.fi\/juniorit\/huiman-laskutusosoite\/\" \/>\n<meta property=\"og:locale\" content=\"fi_FI\" \/>\n<meta property=\"og:type\" content=\"article\" \/>\n<meta property=\"og:title\" content=\"Huiman laskutusosoite - Huima Basketball Juniorit\" \/>\n<meta property=\"og:url\" content=\"https:\/\/huimabasketball.fi\/juniorit\/huiman-laskutusosoite\/\" \/>\n<meta property=\"og:site_name\" content=\"Huima Basketball Juniorit\" \/>\n<meta property=\"article:publisher\" content=\"https:\/\/www.facebook.com\/Huimabasketballjuniorit\/\" \/>\n<meta property=\"article:modified_time\" content=\"2024-09-09T07:47:41+00:00\" \/>\n<meta property=\"og:image\" content=\"https:\/\/huimabasketball.fi\/juniorit\/wp-content\/uploads\/2023\/08\/huima-logo.png\" \/>\n\t<meta property=\"og:image:width\" content=\"514\" \/>\n\t<meta property=\"og:image:height\" content=\"444\" \/>\n\t<meta property=\"og:image:type\" content=\"image\/png\" \/>\n<meta name=\"twitter:card\" content=\"summary_large_image\" \/>\n<meta name=\"twitter:label1\" content=\"Arvioitu lukuaika\" \/>\n\t<meta name=\"twitter:data1\" content=\"1 minuutti\" \/>\n<script type=\"application\/ld+json\" class=\"yoast-schema-graph\">{\"@context\":\"https:\\\/\\\/schema.org\",\"@graph\":[{\"@type\":\"WebPage\",\"@id\":\"https:\\\/\\\/huimabasketball.fi\\\/juniorit\\\/huiman-laskutusosoite\\\/\",\"url\":\"https:\\\/\\\/huimabasketball.fi\\\/juniorit\\\/huiman-laskutusosoite\\\/\",\"name\":\"Huiman laskutusosoite - Huima Basketball Juniorit\",\"isPartOf\":{\"@id\":\"https:\\\/\\\/huimabasketball.fi\\\/juniorit\\\/#website\"},\"datePublished\":\"2024-09-09T07:47:40+00:00\",\"dateModified\":\"2024-09-09T07:47:41+00:00\",\"breadcrumb\":{\"@id\":\"https:\\\/\\\/huimabasketball.fi\\\/juniorit\\\/huiman-laskutusosoite\\\/#breadcrumb\"},\"inLanguage\":\"fi\",\"potentialAction\":[{\"@type\":\"ReadAction\",\"target\":[\"https:\\\/\\\/huimabasketball.fi\\\/juniorit\\\/huiman-laskutusosoite\\\/\"]}]},{\"@type\":\"BreadcrumbList\",\"@id\":\"https:\\\/\\\/huimabasketball.fi\\\/juniorit\\\/huiman-laskutusosoite\\\/#breadcrumb\",\"itemListElement\":[{\"@type\":\"ListItem\",\"position\":1,\"name\":\"Home\",\"item\":\"https:\\\/\\\/huimabasketball.fi\\\/juniorit\\\/\"},{\"@type\":\"ListItem\",\"position\":2,\"name\":\"Huiman laskutusosoite\"}]},{\"@type\":\"WebSite\",\"@id\":\"https:\\\/\\\/huimabasketball.fi\\\/juniorit\\\/#website\",\"url\":\"https:\\\/\\\/huimabasketball.fi\\\/juniorit\\\/\",\"name\":\"Huima Basketball Juniorit\",\"description\":\"Olisiko aika aloittaa koris? Tervetuloa \u00c4\u00e4nekosken Huiman juniorikoripallon kotisivuille!\",\"publisher\":{\"@id\":\"https:\\\/\\\/huimabasketball.fi\\\/juniorit\\\/#organization\"},\"alternateName\":\"Huima juniorikoripallo\",\"potentialAction\":[{\"@type\":\"SearchAction\",\"target\":{\"@type\":\"EntryPoint\",\"urlTemplate\":\"https:\\\/\\\/huimabasketball.fi\\\/juniorit\\\/?s={search_term_string}\"},\"query-input\":{\"@type\":\"PropertyValueSpecification\",\"valueRequired\":true,\"valueName\":\"search_term_string\"}}],\"inLanguage\":\"fi\"},{\"@type\":\"Organization\",\"@id\":\"https:\\\/\\\/huimabasketball.fi\\\/juniorit\\\/#organization\",\"name\":\"Huima Basketball juniorit\",\"alternateName\":\"Huima juniorikoripallo\",\"url\":\"https:\\\/\\\/huimabasketball.fi\\\/juniorit\\\/\",\"logo\":{\"@type\":\"ImageObject\",\"inLanguage\":\"fi\",\"@id\":\"https:\\\/\\\/huimabasketball.fi\\\/juniorit\\\/#\\\/schema\\\/logo\\\/image\\\/\",\"url\":\"https:\\\/\\\/huimabasketball.fi\\\/juniorit\\\/wp-content\\\/uploads\\\/2023\\\/08\\\/huima-logo.png\",\"contentUrl\":\"https:\\\/\\\/huimabasketball.fi\\\/juniorit\\\/wp-content\\\/uploads\\\/2023\\\/08\\\/huima-logo.png\",\"width\":514,\"height\":444,\"caption\":\"Huima Basketball juniorit\"},\"image\":{\"@id\":\"https:\\\/\\\/huimabasketball.fi\\\/juniorit\\\/#\\\/schema\\\/logo\\\/image\\\/\"},\"sameAs\":[\"https:\\\/\\\/www.facebook.com\\\/Huimabasketballjuniorit\\\/\",\"https:\\\/\\\/www.instagram.com\\\/huimabasketballjuniorit\\\/\"]}]}<\/script>","yoast_head_json":{"title":"Huiman laskutusosoite - Huima Basketball Juniorit","robots":{"index":"index","follow":"follow","max-snippet":"max-snippet:-1","max-image-preview":"max-image-preview:large","max-video-preview":"max-video-preview:-1"},"canonical":"https:\/\/huimabasketball.fi\/juniorit\/huiman-laskutusosoite\/","og_locale":"fi_FI","og_type":"article","og_title":"Huiman laskutusosoite - Huima Basketball Juniorit","og_url":"https:\/\/huimabasketball.fi\/juniorit\/huiman-laskutusosoite\/","og_site_name":"Huima Basketball Juniorit","article_publisher":"https:\/\/www.facebook.com\/Huimabasketballjuniorit\/","article_modified_time":"2024-09-09T07:47:41+00:00","og_image":[{"width":514,"height":444,"url":"https:\/\/huimabasketball.fi\/juniorit\/wp-content\/uploads\/2023\/08\/huima-logo.png","type":"image\/png"}],"twitter_card":"summary_large_image","twitter_misc":{"Arvioitu lukuaika":"1 minuutti"},"schema":{"@context":"https:\/\/schema.org","@graph":[{"@type":"WebPage","@id":"https:\/\/huimabasketball.fi\/juniorit\/huiman-laskutusosoite\/","url":"https:\/\/huimabasketball.fi\/juniorit\/huiman-laskutusosoite\/","name":"Huiman laskutusosoite - Huima Basketball Juniorit","isPartOf":{"@id":"https:\/\/huimabasketball.fi\/juniorit\/#website"},"datePublished":"2024-09-09T07:47:40+00:00","dateModified":"2024-09-09T07:47:41+00:00","breadcrumb":{"@id":"https:\/\/huimabasketball.fi\/juniorit\/huiman-laskutusosoite\/#breadcrumb"},"inLanguage":"fi","potentialAction":[{"@type":"ReadAction","target":["https:\/\/huimabasketball.fi\/juniorit\/huiman-laskutusosoite\/"]}]},{"@type":"BreadcrumbList","@id":"https:\/\/huimabasketball.fi\/juniorit\/huiman-laskutusosoite\/#breadcrumb","itemListElement":[{"@type":"ListItem","position":1,"name":"Home","item":"https:\/\/huimabasketball.fi\/juniorit\/"},{"@type":"ListItem","position":2,"name":"Huiman laskutusosoite"}]},{"@type":"WebSite","@id":"https:\/\/huimabasketball.fi\/juniorit\/#website","url":"https:\/\/huimabasketball.fi\/juniorit\/","name":"Huima Basketball Juniorit","description":"Olisiko aika aloittaa koris? Tervetuloa \u00c4\u00e4nekosken Huiman juniorikoripallon kotisivuille!","publisher":{"@id":"https:\/\/huimabasketball.fi\/juniorit\/#organization"},"alternateName":"Huima juniorikoripallo","potentialAction":[{"@type":"SearchAction","target":{"@type":"EntryPoint","urlTemplate":"https:\/\/huimabasketball.fi\/juniorit\/?s={search_term_string}"},"query-input":{"@type":"PropertyValueSpecification","valueRequired":true,"valueName":"search_term_string"}}],"inLanguage":"fi"},{"@type":"Organization","@id":"https:\/\/huimabasketball.fi\/juniorit\/#organization","name":"Huima Basketball juniorit","alternateName":"Huima juniorikoripallo","url":"https:\/\/huimabasketball.fi\/juniorit\/","logo":{"@type":"ImageObject","inLanguage":"fi","@id":"https:\/\/huimabasketball.fi\/juniorit\/#\/schema\/logo\/image\/","url":"https:\/\/huimabasketball.fi\/juniorit\/wp-content\/uploads\/2023\/08\/huima-logo.png","contentUrl":"https:\/\/huimabasketball.fi\/juniorit\/wp-content\/uploads\/2023\/08\/huima-logo.png","width":514,"height":444,"caption":"Huima Basketball juniorit"},"image":{"@id":"https:\/\/huimabasketball.fi\/juniorit\/#\/schema\/logo\/image\/"},"sameAs":["https:\/\/www.facebook.com\/Huimabasketballjuniorit\/","https:\/\/www.instagram.com\/huimabasketballjuniorit\/"]}]}},"_links":{"self":[{"href":"https:\/\/huimabasketball.fi\/juniorit\/wp-json\/wp\/v2\/pages\/1117","targetHints":{"allow":["GET"]}}],"collection":[{"href":"https:\/\/huimabasketball.fi\/juniorit\/wp-json\/wp\/v2\/pages"}],"about":[{"href":"https:\/\/huimabasketball.fi\/juniorit\/wp-json\/wp\/v2\/types\/page"}],"author":[{"embeddable":true,"href":"https:\/\/huimabasketball.fi\/juniorit\/wp-json\/wp\/v2\/users\/5"}],"replies":[{"embeddable":true,"href":"https:\/\/huimabasketball.fi\/juniorit\/wp-json\/wp\/v2\/comments?post=1117"}],"version-history":[{"count":1,"href":"https:\/\/huimabasketball.fi\/juniorit\/wp-json\/wp\/v2\/pages\/1117\/revisions"}],"predecessor-version":[{"id":1118,"href":"https:\/\/huimabasketball.fi\/juniorit\/wp-json\/wp\/v2\/pages\/1117\/revisions\/1118"}],"wp:attachment":[{"href":"https:\/\/huimabasketball.fi\/juniorit\/wp-json\/wp\/v2\/media?parent=1117"}],"curies":[{"name":"wp","href":"https:\/\/api.w.org\/{rel}","templated":true}]}}